{"id":3023,"date":"2022-04-28T09:06:52","date_gmt":"2022-04-28T07:06:52","guid":{"rendered":"https:\/\/www.eurofacto.com\/?post_type=product&#038;p=3023"},"modified":"2025-02-26T16:23:21","modified_gmt":"2025-02-26T15:23:21","slug":"stick-a-levres-recycle","status":"publish","type":"product","link":"https:\/\/www.eurofacto.com\/en\/product\/stick-a-levres-recycle\/","title":{"rendered":"Recycled lipbalm"},"content":{"rendered":"<p><a href=\"https:\/\/www.eurofacto.com\/wp-content\/uploads\/2022\/04\/FT-stick-recyle.pdf\"><strong>Download<\/strong> la fiche technique (stick recyl\u00e9)<\/a><\/p>\n<p><a href=\"https:\/\/www.eurofacto.com\/wp-content\/uploads\/2022\/04\/Gabarit-stick-recycle.pdf\"><strong>Download<\/strong> le gabarit d&rsquo;impression (stick recycl\u00e9)<\/a><\/p>\n<p>&nbsp;<\/p>\n<p>A243<\/p>","protected":false},"excerpt":{"rendered":"<p>The casing of the lip balm stick is made of 80% recycled plastic and is therefore an environmentally friendly alternative to the classic lip balm stick.<\/p>\n<p>Formule naturelle \u00e0 base de plantes, sans huiles min\u00e9rales ni conservateurs, avec un subtil parfum de vanille. La cire d&rsquo;abeille et le beurre de karit\u00e9, coupl\u00e9s \u00e0 la vitamine E, aident les l\u00e8vres \u00e0 rester lisses et douces tout en pr\u00e9venant leur d\u00e9shydratation.<\/p>\n<p>Optional (min. 1000pcs): LSF30, sealed in heat-shrink film, packaged in an individual cardboard box, (1000 pcs min.), or integrated in a printed card.<\/p>","protected":false},"featured_media":3028,"template":"","meta":{"_uag_custom_page_level_css":""},"product_brand":[],"product_cat":[36,37],"product_tag":[],"class_list":{"0":"post-3023","1":"product","2":"type-product","3":"status-publish","4":"has-post-thumbnail","6":"product_cat-bien-etre","7":"product_cat-cosmetiques","9":"first","10":"instock","11":"shipping-taxable","12":"product-type-variable"},"uagb_featured_image_src":{"full":["https:\/\/www.eurofacto.com\/wp-content\/uploads\/2022\/04\/stick_levres_plastique_recycle_ex3.jpg",1000,1000,false],"thumbnail":["https:\/\/www.eurofacto.com\/wp-content\/uploads\/2022\/04\/stick_levres_plastique_recycle_ex3-150x150.jpg",150,150,true],"medium":["https:\/\/www.eurofacto.com\/wp-content\/uploads\/2022\/04\/stick_levres_plastique_recycle_ex3-300x300.jpg",300,300,true],"medium_large":["https:\/\/www.eurofacto.com\/wp-content\/uploads\/2022\/04\/stick_levres_plastique_recycle_ex3-768x768.jpg",768,768,true],"large":["https:\/\/www.eurofacto.com\/wp-content\/uploads\/2022\/04\/stick_levres_plastique_recycle_ex3.jpg",1000,1000,false],"1536x1536":["https:\/\/www.eurofacto.com\/wp-content\/uploads\/2022\/04\/stick_levres_plastique_recycle_ex3.jpg",1000,1000,false],"2048x2048":["https:\/\/www.eurofacto.com\/wp-content\/uploads\/2022\/04\/stick_levres_plastique_recycle_ex3.jpg",1000,1000,false],"trp-custom-language-flag":["https:\/\/www.eurofacto.com\/wp-content\/uploads\/2022\/04\/stick_levres_plastique_recycle_ex3-12x12.jpg",12,12,true],"woocommerce_archive_thumbnail":["https:\/\/www.eurofacto.com\/wp-content\/uploads\/2022\/04\/stick_levres_plastique_recycle_ex3-300x300.jpg",300,300,true],"woocommerce_thumbnail":["https:\/\/www.eurofacto.com\/wp-content\/uploads\/2022\/04\/stick_levres_plastique_recycle_ex3-300x300.jpg",300,300,true],"woocommerce_single":["https:\/\/www.eurofacto.com\/wp-content\/uploads\/2022\/04\/stick_levres_plastique_recycle_ex3-600x600.jpg",600,600,true],"woocommerce_gallery_thumbnail":["https:\/\/www.eurofacto.com\/wp-content\/uploads\/2022\/04\/stick_levres_plastique_recycle_ex3-100x100.jpg",100,100,true]},"uagb_author_info":{"display_name":"Antoine Ninat","author_link":"https:\/5ac1d44055f195d1\/5ac1d44055f195d1www.eurofacto.com\/5ac1d44055f195d1en\/5ac1d44055f195d1author\/5ac1d44055f195d1"},"uagb_comment_info":0,"uagb_excerpt":"Baume \u00e0 l\u00e8vres conditionn\u00e9 dans un tube en plastique recycl\u00e9 \u00e0 80%, pour une alternative durable aux tubes classiques. Formule naturelle \u00e0 base de plantes, sans huiles min\u00e9rales ni conservateurs, avec un subtil parfum de vanille. La cire d'abeille et le beurre de karit\u00e9, coupl\u00e9s \u00e0 la vitamine E, aident les l\u00e8vres \u00e0 rester lisses&hellip;","_links":{"self":[{"href":"https:\/\/www.eurofacto.com\/en\/wp-json\/wp\/v2\/product\/3023","targetHints":{"allow":["GET"]}}],"collection":[{"href":"https:\/\/www.eurofacto.com\/en\/wp-json\/wp\/v2\/product"}],"about":[{"href":"https:\/\/www.eurofacto.com\/en\/wp-json\/wp\/v2\/types\/product"}],"wp:featuredmedia":[{"embeddable":true,"href":"https:\/\/www.eurofacto.com\/en\/wp-json\/wp\/v2\/media\/3028"}],"wp:attachment":[{"href":"https:\/\/www.eurofacto.com\/en\/wp-json\/wp\/v2\/media?parent=3023"}],"wp:term":[{"taxonomy":"product_brand","embeddable":true,"href":"https:\/\/www.eurofacto.com\/en\/wp-json\/wp\/v2\/product_brand?post=3023"},{"taxonomy":"product_cat","embeddable":true,"href":"https:\/\/www.eurofacto.com\/en\/wp-json\/wp\/v2\/product_cat?post=3023"},{"taxonomy":"product_tag","embeddable":true,"href":"https:\/\/www.eurofacto.com\/en\/wp-json\/wp\/v2\/product_tag?post=3023"}],"curies":[{"name":"wp","href":"https:\/\/api.w.org\/{rel}","templated":true}]}}

<p><a href="https://www.eurofacto.com/wp-content/uploads/2022/04/FT-stick-recyle.pdf"><strong>Download</strong> la fiche technique (stick recylé)</a></p>
<p><a href="https://www.eurofacto.com/wp-content/uploads/2022/04/Gabarit-stick-recycle.pdf"><strong>Download</strong> le gabarit d&rsquo;impression (stick recyclé)</a></p>
<p>&nbsp;</p>
<p>A243</p>

<p>The casing of the lip balm stick is made of 80% recycled plastic and is therefore an environmentally friendly alternative to the classic lip balm stick.</p>
<p>Formule naturelle à base de plantes, sans huiles minérales ni conservateurs, avec un subtil parfum de vanille. La cire d&rsquo;abeille et le beurre de karité, couplés à la vitamine E, aident les lèvres à rester lisses et douces tout en prévenant leur déshydratation.</p>
<p>Optional (min. 1000pcs): LSF30, sealed in heat-shrink film, packaged in an individual cardboard box, (1000 pcs min.), or integrated in a printed card.</p>

Baume à lèvres conditionné dans un tube en plastique recyclé à 80%, pour une alternative durable aux tubes classiques. Formule naturelle à base de plantes, sans huiles minérales ni conservateurs, avec un subtil parfum de vanille. La cire d'abeille et le beurre de karité, couplés à la vitamine E, aident les lèvres à rester lisses&hellip;
